 divisor of 15 and f.
15
Let g(t) be the second derivative of 17*t**3/2 - 11*t**2 - 18*t. Let a be g(4). What is the greatest common divisor of a and 26?
26
Suppose 0 = 5*d + 20, -5*x + 2896 = 5*d - 1074. What is the greatest common factor of x and 84?
42
Let f = -4 - -10. Let a = 214 - 190. Suppose a = s + f. What is the highest common divisor of 144 and s?
18
Let s be (-21)/(-4) + 5/(-20). Let y = -38 + 63. What is the greatest common factor of y and s?
5
Let i(h) = h - 2. Let n be i(-5). Let o(a) = -6*a - 8. Let z be o(n). Let w = 89 - 38. Calculate the greatest common factor of w and z.
17
Let h(i) = -4 - 6 - 4 + 9 - 3*i. Let w be h(-7). Let v = 430 - 254. Calculate the highest common factor of w and v.
16
Let w be (2/4)/((-1)/(-2))*12. Let l be (-13 - -5)*(0 - w). What is the highest common divisor of l and 64?
32
Suppose z + 6 + 5 = 5*d, -5 = 5*z. Suppose 4*p = -d - 6. Let c be -24*(0 - (3 + p)). Calculate the highest common divisor of c and 6.
6
Let w(l) = 4*l**3 + l**2 + l - 2. Let k be w(2). Suppose 2*q = k + 64. Let b be (-18)/(-12) + q/4. Calculate the greatest common divisor of 2 and b.
2
Suppose 2*s = 6*s - 16. Suppose s*q = 6*q + 88. Let c be (-121)/q + (-1)/(-4). What is the greatest common factor of 33 and c?
3
Suppose 327 = k + 71. Calculate the greatest common factor of k and 448.
64
Suppose 3*g - 3*o - 15 = 0, -7 = 5*g - 3*o + 6*o. What is the highest common divisor of 29 and g?
1
Suppose -12 + 7 = 5*l. Let r be 1 - l/(-2 - -3). What is the greatest common divisor of 4 and r?
2
Let n(r) = r**3 + 29*r**2 - 37*r - 203. Let i be n(-30). Calculate the greatest common divisor of 119 and i.
7
Suppose 4*a = -4*q + 20, a - 5*a = -q - 5. Suppose -q*w - 7 = -5*g + 9, w - 2*g + 4 = 0. Let l be 22*3/w*-2. What is the highest common factor of 88 and l?
11
Let m = -1396 - -1416. Calculate the greatest common factor of m and 830.
10
Let t be 3/(-5) + -3 + (-928)/(-5). Calculate the highest common divisor of 154 and t.
14
Suppose -24*f + 0*f + 5880 = 0. Calculate the highest common factor of f and 5.
5
Let o(d) = -1 + 9 + d**2 - 7 - d. Let s be o(3). Calculate the greatest common factor of 35 and s.
7
Let y be (148/(-3))/((-31)/186). Calculate the highest common divisor of y and 74.
74
Let r be 574/28*(3 - 1). Let d = 97 - r. Let q be 114/15 - 2/(-5). Calculate the greatest common divisor of q and d.
8
Let q = -36 + 51. Let k(j) = -52*j + 468. Let s(v) = 8*v - 72. Let u(p) = 5*k(p) + 32*s(p). Let g be u(-21). What is the greatest common divisor of g and q?
15
Suppose 4*o - 73 = 3*m, 0 = o - 2*o + 2*m + 22. Calculate the greatest common divisor of o and 24.
8
Let v be (-16)/4 - ((-6584)/4)/2. Calculate the highest common factor of v and 63.
63
Let i(n) = -2*n + 76. Let k be i(17). What is the highest common factor of 18 and k?
6
Let r be (-66)/165 - (-127)/5. Calculate the greatest common factor of r and 115.
5
Let s = -902 - -1226. Calculate the highest common factor of 12 and s.
12
Suppose 106 = 7*b - 62. Suppose -123 = -m - m - o, 0 = -5*m - o + 303. Calculate the greatest common divisor of m and b.
12
Suppose 3*b = 12, 4 = -2*p + 5*b - 14. Let o be (3*p)/((-9)/(-48)). Calculate the greatest common factor of 144 and o.
16
Suppose 2*z = -2*g + 68, -26*g = z - 24*g - 35. What is the highest common factor of 66 and z?
33
Let c be -2 - (4*9)/(-4). Let i be c/6 - 3/18. Let u(d) = 7*d**2 - 2*d + 2. Let g be u(i). Calculate the highest common factor of g and 14.
7
Let o(c) = 2*c**2 + 3*c + 1. Let d be o(-2). Calculate the highest common divisor of d and 6.
3
Let a = 5 + 24. Let f = -19 + 164. What is the highest common divisor of f and a?
29
Let j be -55*(-12 + (-11 - -22)). What is the greatest common factor of 935 and j?
55
Let w(a) be the second derivative of 0 - 3/2*a**2 + 3*a - 1/2*a**3. Let q be w(-5). Calculate the greatest common divisor of q and 132.
12
Let q be 3/(((-10)/(-162))/5). What is the highest common factor of 27 and q?
27
Let r = -3894 - -3902. Suppose -5*c - 20 = 0, -5*l = -5*c - 85 - 75. Calculate the highest common divisor of r and l.
4
Let y(u) = -3*u**2 - 7 + 12*u + 7*u**2 - u**3 + 7*u**2 - 3*u**2. Let r be y(8). Let g = r - 49. Calculate the highest common divisor of g and 5.
5
Let u = 36 + -31. Suppose 19 - 79 = -2*w - 3*t, 3*w = -2*t + 85. Let o be u/((-3)/w*-3). What is the greatest common divisor of o and 15?
15
Let h be 10/(-6)*(-6 + -3). Suppose 3*d + x - 4*x - 27 = 0, 2*x - 2 = 0. What is the highest common divisor of d and h?
5
Let y = 447 + -347. What is the greatest common divisor of 20 and y?
20
Let s = 1919 + -1915. Calculate the highest common factor of s and 148.
4
Let b(j) = -4*j + 166. Let m be b(14). What is the greatest common divisor of m and 70?
10
Let x(v) = 19*v + 4. Let f be x(8). What is the highest common factor of 52 and f?
52
Suppose 0 = -4*s - 139 - 41. Let a be 4 - s/((-3)/(-1)). Suppose -11 - 8 = -r. Calculate the greatest common divisor of a and r.
19
Let c = 26 - 4. Suppose 0 = -11*p + 360 + 124. What is the greatest common divisor of p and c?
22
Let o be 1/(-1)*0/(-10). Suppose k - 1 - 8 = o. What is the greatest common factor of k and 36?
9
Let h = 180 + -125. What is the greatest common factor of h and 11?
11
Let d = -87 + 123. Let h = 70 - d. What is the highest common divisor of h and 85?
17
Let x = 29 + 71. Suppose -4*h = -f - f - x, -2*h - 4*f = -60. What is the greatest common divisor of 39 and h?
13
Let d be (4/(-7))/(-2) + 11972/287. What is the highest common factor of d and 2730?
42
Suppose -b = -2*d - 6, 3*b + 2*b + d = -14. Let k be (-4)/(b - 0) - -58. Let g be -4 + 18 - (-1 - 0). Calculate the greatest common factor of g and k.
15
Suppose 2*w = -3*l + 24 - 10, 4*l + 5*w = 21. Suppose -l*m + 98 = -18. Calculate the highest common divisor of m and 58.
29
Let a(y) = y**2 + 10*y + 196. Let t be a(-13). What is the highest common factor of t and 799?
47
Suppose -32 = -6*m + 3*m - 4*y, 0 = -4*m - 2*y + 26. Suppose -m*t = 52 - 132. What is the highest common divisor of 50 and t?
10
Suppose 0*z + 5*z = 5. Let h be 18/2*(z + 1). Suppose 0 = 4*y - 215 + 231, 4 = -4*w - 3*y. Calculate the greatest common factor of w and h.
2
Suppose 0 = 3*h - 764 + 674. What is the highest common divisor of h and 480?
30
Let y(b) = -b**3 + 10*b**2 - 22*b - 3. Let k be y(5). Calculate the highest common factor of k and 276.
12
Let q be (2 - (-4)/(-6))/(4/336). Suppose 5*g - q = 63. What is the highest common factor of 5 and g?
5
Suppose -84 + 264 = 18*c. Suppose c*o = -0*o + 250. What is the highest common divisor of 25 and o?
25
Let d be (1 - (-6 + -14))/3. What is the highest common factor of 112 and d?
7
Let x be (117/12)/(3/4). Calculate the greatest common divisor of 91 and x.
13
Suppose 0 = 106*f - 103*f - 162. Calculate the highest common factor of f and 702.
54
Let w be 20/(-30)*102/(-4). Let z be (-8)/(2 - (-84)/(-45)). Let h = z - -111. Calculate the greatest common divisor of w and h.
17
Let q = 163 + -115. Let m be 108/q + (-1)/4. What is the highest common factor of m and 5?
1
Let o(u) = u**3 + 6*u**2 + u + 9. Let v be o(-6). Let w be 11 - (8 - v)/5. Suppose 0*j - 4 = -2*j. What is the greatest common factor of w and j?
2
Let k(f) = -2*f + 14. Suppose 8 = -8*z - 24. Let t be k(z). What is the highest common divisor of 286 and t?
22
Let z be 66 - -1*(1 - 2). Let j be (-896)/112 - (-68)/2. What is the greatest common factor of j and z?
13
Suppose 0*w + 3*k = 2*w, 0 = -w + 3*k + 3. Let q(s) = 76*s**2 + 4*s + 3. Let g be q(w). Suppose b = 6*b - g. Calculate the greatest common factor of b and 27.
27
Suppose 5*f = 5 + 5. Suppose 4*x - 2*c - 32 - 100 = 0, -4*c = -f*x + 72. Let l = x - 22. Calculate the highest common factor of 15 and l.
5
Let n = 36 + -34. Suppose -13 + 41 = 2*u - 4*d, d = -4*u + 38. What is the greatest common factor of u and n?
2
Suppose -2*m - 4*b + 136 = 0, -3*b = -m + 112 - 19. Calculate the highest common divisor of 6 and m.
6
Suppose -15 + 5 = 5*m, -2*m - 130 = -s. What is the highest common divisor of 315 and s?
63
Suppose u - l = 70 + 19, -3*l + 237 = 3*u. Calculate the greatest common factor of u and 21.
21
Let u be ((-35)/4)/((-33)/132). Calculate the greatest common factor of 49 and u.
7
Let h be 10 + -14 - (0 + -3). Let d be (-12 - 3) + h - 1. Let s = d + 49. C